{"id":109929,"date":"2023-06-23T17:34:51","date_gmt":"2023-06-23T17:34:51","guid":{"rendered":"https:\/\/crsebo.chloeperiard.com\/?page_id=109929"},"modified":"2026-01-19T15:42:16","modified_gmt":"2026-01-19T15:42:16","slug":"mission","status":"publish","type":"page","link":"https:\/\/crsebo.ca\/?page_id=109929","title":{"rendered":"La mission"},"content":{"rendered":"<p>[et_pb_section fb_built=\u00a0\u00bb1&Prime; next_background_color=\u00a0\u00bb#ffffff\u00a0\u00bb _builder_version=\u00a0\u00bb4.18.0&Prime; _module_preset=\u00a0\u00bbdefault\u00a0\u00bb use_background_color_gradient=\u00a0\u00bbon\u00a0\u00bb background_color_gradient_stops=\u00a0\u00bbrgba(53,71,57,0.54) 1%|rgba(77,87,64,0.47) 100%\u00a0\u00bb background_color_gradient_overlays_image=\u00a0\u00bbon\u00a0\u00bb background_image=\u00a0\u00bbhttps:\/\/crsebo.chloeperiard.com\/wp-content\/uploads\/2023\/06\/pexels-lucas-allmann-612892.jpg\u00a0\u00bb min_height=\u00a0\u00bb392px\u00a0\u00bb height=\u00a0\u00bb304px\u00a0\u00bb custom_margin=\u00a0\u00bb-112px|||||\u00a0\u00bb bottom_divider_style=\u00a0\u00bbslant\u00a0\u00bb bottom_divider_height=\u00a0\u00bb130px\u00a0\u00bb bottom_divider_flip=\u00a0\u00bbhorizontal\u00a0\u00bb global_colors_info=\u00a0\u00bb{}\u00a0\u00bb][et_pb_row _builder_version=\u00a0\u00bb4.18.0&Prime; _module_preset=\u00a0\u00bbdefault\u00a0\u00bb global_colors_info=\u00a0\u00bb{}\u00a0\u00bb][et_pb_column type=\u00a0\u00bb4_4&Prime; _builder_version=\u00a0\u00bb4.18.0&Prime; _module_preset=\u00a0\u00bbdefault\u00a0\u00bb global_colors_info=\u00a0\u00bb{}\u00a0\u00bb][et_pb_text _builder_version=\u00a0\u00bb4.18.0&Prime; _module_preset=\u00a0\u00bbdefault\u00a0\u00bb text_text_color=\u00a0\u00bb#CE821B\u00a0\u00bb header_font=\u00a0\u00bb||||||||\u00a0\u00bb header_text_align=\u00a0\u00bbcenter\u00a0\u00bb header_text_color=\u00a0\u00bb#FFFFFF\u00a0\u00bb header_font_size=\u00a0\u00bb80px\u00a0\u00bb background_enable_image=\u00a0\u00bboff\u00a0\u00bb text_orientation=\u00a0\u00bbright\u00a0\u00bb custom_margin=\u00a0\u00bb41px||||false|false\u00a0\u00bb custom_margin_tablet=\u00a0\u00bb41px||||false|false\u00a0\u00bb custom_margin_phone=\u00a0\u00bb72px||||false|false\u00a0\u00bb custom_margin_last_edited=\u00a0\u00bbon|phone\u00a0\u00bb text_font_size_tablet=\u00a0\u00bb\u00a0\u00bb text_font_size_phone=\u00a0\u00bb12px\u00a0\u00bb text_font_size_last_edited=\u00a0\u00bbon|phone\u00a0\u00bb header_font_size_tablet=\u00a0\u00bb80px\u00a0\u00bb header_font_size_phone=\u00a0\u00bb50px\u00a0\u00bb header_font_size_last_edited=\u00a0\u00bbon|phone\u00a0\u00bb global_colors_info=\u00a0\u00bb{}\u00a0\u00bb]<\/p>\n<h1><strong>La mission<\/strong><\/h1>\n<p>[\/et_pb_text][\/et_pb_column][\/et_pb_row][\/et_pb_section][et_pb_section fb_built=\u00a0\u00bb1&Prime; _builder_version=\u00a0\u00bb4.18.0&Prime; _module_preset=\u00a0\u00bbdefault\u00a0\u00bb global_colors_info=\u00a0\u00bb{}\u00a0\u00bb][et_pb_row column_structure=\u00a0\u00bb1_2,1_2&Prime; _builder_version=\u00a0\u00bb4.18.0&Prime; _module_preset=\u00a0\u00bbdefault\u00a0\u00bb global_colors_info=\u00a0\u00bb{}\u00a0\u00bb][et_pb_column type=\u00a0\u00bb1_2&Prime; _builder_version=\u00a0\u00bb4.18.0&Prime; _module_preset=\u00a0\u00bbdefault\u00a0\u00bb global_colors_info=\u00a0\u00bb{}\u00a0\u00bb][et_pb_text _builder_version=\u00a0\u00bb4.18.0&Prime; _module_preset=\u00a0\u00bbdefault\u00a0\u00bb text_font_size=\u00a0\u00bb18px\u00a0\u00bb text_orientation=\u00a0\u00bbjustified\u00a0\u00bb text_font_size_tablet=\u00a0\u00bb18px\u00a0\u00bb text_font_size_phone=\u00a0\u00bb12px\u00a0\u00bb text_font_size_last_edited=\u00a0\u00bbon|phone\u00a0\u00bb global_colors_info=\u00a0\u00bb{}\u00a0\u00bb]<\/p>\n<p><span><\/span><\/p>\n<p><span><\/span><\/p>\n<p><span><\/span><\/p>\n<p><span>Le<\/span><span>\u00a0<\/span><em>Centre de recherche<\/em><span>\u00a0<\/span><span>est un centre de recherche coll\u00e9gial multidisciplinaire sans but lucratif affili\u00e9 au C\u00e9gep de l\u2019Outaouais. L\u2019objectif premier du<\/span><span>\u00a0<\/span><em>Centre de recherche<\/em><span>\u00a0<\/span><span>est de rassembler les expertises et de valoriser la recherche qui se fait au C\u00e9gep de l\u2019Outaouais en sant\u00e9 environnementale et biodiversit\u00e9 afin de donner plus de visibilit\u00e9 aux projets r\u00e9alis\u00e9s et en cours. <\/span>Notre spectre d\u2019activit\u00e9 va de la d\u00e9tection (polluants, esp\u00e8ces envahissantes, etc.) jusqu\u2019aux solutions pour minimiser les impacts en sant\u00e9 publique et en environnement des activit\u00e9s humaines.<\/p>\n<p>&nbsp;<\/p>\n<p>[\/et_pb_text][\/et_pb_column][et_pb_column type=\u00a0\u00bb1_2&Prime; _builder_version=\u00a0\u00bb4.18.0&Prime; _module_preset=\u00a0\u00bbdefault\u00a0\u00bb global_colors_info=\u00a0\u00bb{}\u00a0\u00bb][et_pb_image src=\u00a0\u00bbhttps:\/\/crsebo.ca\/wp-content\/uploads\/2023\/03\/pexels-pixabay-208749.jpg\u00a0\u00bb title_text=\u00a0\u00bbpexels-pixabay-208749&Prime; _builder_version=\u00a0\u00bb4.24.3&Prime; _module_preset=\u00a0\u00bbdefault\u00a0\u00bb width_tablet=\u00a0\u00bb70%\u00a0\u00bb width_phone=\u00a0\u00bb100%\u00a0\u00bb width_last_edited=\u00a0\u00bbon|tablet\u00a0\u00bb min_height_tablet=\u00a0\u00bb207px\u00a0\u00bb min_height_phone=\u00a0\u00bb207px\u00a0\u00bb min_height_last_edited=\u00a0\u00bbon|tablet\u00a0\u00bb module_alignment_tablet=\u00a0\u00bbcenter\u00a0\u00bb module_alignment_phone=\u00a0\u00bbcenter\u00a0\u00bb module_alignment_last_edited=\u00a0\u00bbon|tablet\u00a0\u00bb border_radii=\u00a0\u00bbon|20px|20px|20px|20px\u00a0\u00bb global_colors_info=\u00a0\u00bb{}\u00a0\u00bb][\/et_pb_image][\/et_pb_column][\/et_pb_row][et_pb_row column_structure=\u00a0\u00bb1_2,1_2&Prime; _builder_version=\u00a0\u00bb4.18.0&Prime; _module_preset=\u00a0\u00bbdefault\u00a0\u00bb global_colors_info=\u00a0\u00bb{}\u00a0\u00bb][et_pb_column type=\u00a0\u00bb1_2&Prime; _builder_version=\u00a0\u00bb4.18.0&Prime; _module_preset=\u00a0\u00bbdefault\u00a0\u00bb global_colors_info=\u00a0\u00bb{}\u00a0\u00bb][et_pb_image src=\u00a0\u00bbhttps:\/\/crsebo.ca\/wp-content\/uploads\/2023\/03\/pexels-singkham-1108572.jpg\u00a0\u00bb title_text=\u00a0\u00bbpexels-singkham-1108572&Prime; _builder_version=\u00a0\u00bb4.24.3&Prime; _module_preset=\u00a0\u00bbdefault\u00a0\u00bb width_tablet=\u00a0\u00bb68%\u00a0\u00bb width_phone=\u00a0\u00bb100%\u00a0\u00bb width_last_edited=\u00a0\u00bbon|tablet\u00a0\u00bb module_alignment_tablet=\u00a0\u00bbcenter\u00a0\u00bb module_alignment_phone=\u00a0\u00bbcenter\u00a0\u00bb module_alignment_last_edited=\u00a0\u00bbon|tablet\u00a0\u00bb border_radii=\u00a0\u00bbon|20px|20px|20px|20px\u00a0\u00bb global_colors_info=\u00a0\u00bb{}\u00a0\u00bb][\/et_pb_image][\/et_pb_column][et_pb_column type=\u00a0\u00bb1_2&Prime; _builder_version=\u00a0\u00bb4.18.0&Prime; _module_preset=\u00a0\u00bbdefault\u00a0\u00bb global_colors_info=\u00a0\u00bb{}\u00a0\u00bb][et_pb_text _builder_version=\u00a0\u00bb4.18.0&Prime; _module_preset=\u00a0\u00bbdefault\u00a0\u00bb text_font_size=\u00a0\u00bb18px\u00a0\u00bb text_orientation=\u00a0\u00bbjustified\u00a0\u00bb text_font_size_tablet=\u00a0\u00bb18px\u00a0\u00bb text_font_size_phone=\u00a0\u00bb12px\u00a0\u00bb text_font_size_last_edited=\u00a0\u00bbon|phone\u00a0\u00bb global_colors_info=\u00a0\u00bb{}\u00a0\u00bb]<\/p>\n<p>&nbsp;<\/p>\n<p><span>Le<\/span><span>\u00a0<\/span><em>Centre de recherche<\/em><span>\u00a0<\/span><span>vise \u00e0 contribuer \u00e0 la bonne sant\u00e9 des citoyens et au d\u00e9veloppement durable de la r\u00e9gion de l\u2019Outaouais, du Qu\u00e9bec et du Canada en mettant \u00e0 contribution son expertise et son \u00e9quipement technologique, tout en favorisant les retomb\u00e9es sur la formation coll\u00e9giale. L\u2019\u00e9quipe de recherche du<\/span><span>\u00a0<\/span><em>Centre de recherche<\/em><span>\u00a0<\/span><span>peut accompagner et soutenir les entreprises, les organismes, les municipalit\u00e9s et les minist\u00e8res dans leurs projets de recherche et d\u2019innovation, dans leurs besoins de connaissances ou d\u2019expertises et dans l\u2019atteinte de leurs objectifs en lien avec la sant\u00e9 environnementale et les biotechnologies vertes.<\/span><\/p>\n<p>&nbsp;<\/p>\n<p>[\/et_pb_text][\/et_pb_column][\/et_pb_row][\/et_pb_section]<\/p>\n","protected":false},"excerpt":{"rendered":"<p>La mission Le\u00a0Centre de recherche\u00a0est un centre de recherche coll\u00e9gial multidisciplinaire sans but lucratif affili\u00e9 au C\u00e9gep de l\u2019Outaouais. L\u2019objectif premier du\u00a0Centre de recherche\u00a0est de rassembler les expertises et de valoriser la recherche qui se fait au C\u00e9gep de l\u2019Outaouais en sant\u00e9 environnementale et biodiversit\u00e9 afin de donner plus de visibilit\u00e9 aux projets r\u00e9alis\u00e9s et [&hellip;]<\/p>\n","protected":false},"author":1,"featured_media":0,"parent":30,"menu_order":0,"comment_status":"closed","ping_status":"closed","template":"","meta":{"_et_pb_use_builder":"on","_et_pb_old_content":"","_et_gb_content_width":"","footnotes":""},"class_list":["post-109929","page","type-page","status-publish","hentry"],"_links":{"self":[{"href":"https:\/\/crsebo.ca\/index.php?rest_route=\/wp\/v2\/pages\/109929","targetHints":{"allow":["GET"]}}],"collection":[{"href":"https:\/\/crsebo.ca\/index.php?rest_route=\/wp\/v2\/pages"}],"about":[{"href":"https:\/\/crsebo.ca\/index.php?rest_route=\/wp\/v2\/types\/page"}],"author":[{"embeddable":true,"href":"https:\/\/crsebo.ca\/index.php?rest_route=\/wp\/v2\/users\/1"}],"replies":[{"embeddable":true,"href":"https:\/\/crsebo.ca\/index.php?rest_route=%2Fwp%2Fv2%2Fcomments&post=109929"}],"version-history":[{"count":3,"href":"https:\/\/crsebo.ca\/index.php?rest_route=\/wp\/v2\/pages\/109929\/revisions"}],"predecessor-version":[{"id":111010,"href":"https:\/\/crsebo.ca\/index.php?rest_route=\/wp\/v2\/pages\/109929\/revisions\/111010"}],"up":[{"embeddable":true,"href":"https:\/\/crsebo.ca\/index.php?rest_route=\/wp\/v2\/pages\/30"}],"wp:attachment":[{"href":"https:\/\/crsebo.ca\/index.php?rest_route=%2Fwp%2Fv2%2Fmedia&parent=109929"}],"curies":[{"name":"wp","href":"https:\/\/api.w.org\/{rel}","templated":true}]}}

<p>[et_pb_section fb_built= »1&Prime; next_background_color= »#ffffff » _builder_version= »4.18.0&Prime; _module_preset= »default » use_background_color_gradient= »on » background_color_gradient_stops= »rgba(53,71,57,0.54) 1%|rgba(77,87,64,0.47) 100% » background_color_gradient_overlays_image= »on » background_image= »https://crsebo.chloeperiard.com/wp-content/uploads/2023/06/pexels-lucas-allmann-612892.jpg » min_height= »392px » height= »304px » custom_margin= »-112px||||| » bottom_divider_style= »slant » bottom_divider_height= »130px » bottom_divider_flip= »horizontal » global_colors_info= »{} »][et_pb_row _builder_version= »4.18.0&Prime; _module_preset= »default » global_colors_info= »{} »][et_pb_column type= »4_4&Prime; _builder_version= »4.18.0&Prime; _module_preset= »default » global_colors_info= »{} »][et_pb_text _builder_version= »4.18.0&Prime; _module_preset= »default » text_text_color= »#CE821B » header_font= »|||||||| » header_text_align= »center » header_text_color= »#FFFFFF » header_font_size= »80px » background_enable_image= »off » text_orientation= »right » custom_margin= »41px||||false|false » custom_margin_tablet= »41px||||false|false » custom_margin_phone= »72px||||false|false » custom_margin_last_edited= »on|phone » text_font_size_tablet= » » text_font_size_phone= »12px » text_font_size_last_edited= »on|phone » header_font_size_tablet= »80px » header_font_size_phone= »50px » header_font_size_last_edited= »on|phone » global_colors_info= »{} »]</p>
<h1><strong>La mission</strong></h1>
<p>[/et_pb_text][/et_pb_column][/et_pb_row][/et_pb_section][et_pb_section fb_built= »1&Prime; _builder_version= »4.18.0&Prime; _module_preset= »default » global_colors_info= »{} »][et_pb_row column_structure= »1_2,1_2&Prime; _builder_version= »4.18.0&Prime; _module_preset= »default » global_colors_info= »{} »][et_pb_column type= »1_2&Prime; _builder_version= »4.18.0&Prime; _module_preset= »default » global_colors_info= »{} »][et_pb_text _builder_version= »4.18.0&Prime; _module_preset= »default » text_font_size= »18px » text_orientation= »justified » text_font_size_tablet= »18px » text_font_size_phone= »12px » text_font_size_last_edited= »on|phone » global_colors_info= »{} »]</p>
<p><span></span></p>
<p><span></span></p>
<p><span></span></p>
<p><span>Le</span><span> </span><em>Centre de recherche</em><span> </span><span>est un centre de recherche collégial multidisciplinaire sans but lucratif affilié au Cégep de l’Outaouais. L’objectif premier du</span><span> </span><em>Centre de recherche</em><span> </span><span>est de rassembler les expertises et de valoriser la recherche qui se fait au Cégep de l’Outaouais en santé environnementale et biodiversité afin de donner plus de visibilité aux projets réalisés et en cours. </span>Notre spectre d’activité va de la détection (polluants, espèces envahissantes, etc.) jusqu’aux solutions pour minimiser les impacts en santé publique et en environnement des activités humaines.</p>
<p>&nbsp;</p>
<p>[/et_pb_text][/et_pb_column][et_pb_column type= »1_2&Prime; _builder_version= »4.18.0&Prime; _module_preset= »default » global_colors_info= »{} »][et_pb_image src= »https://crsebo.ca/wp-content/uploads/2023/03/pexels-pixabay-208749.jpg » title_text= »pexels-pixabay-208749&Prime; _builder_version= »4.24.3&Prime; _module_preset= »default » width_tablet= »70% » width_phone= »100% » width_last_edited= »on|tablet » min_height_tablet= »207px » min_height_phone= »207px » min_height_last_edited= »on|tablet » module_alignment_tablet= »center » module_alignment_phone= »center » module_alignment_last_edited= »on|tablet » border_radii= »on|20px|20px|20px|20px » global_colors_info= »{} »][/et_pb_image][/et_pb_column][/et_pb_row][et_pb_row column_structure= »1_2,1_2&Prime; _builder_version= »4.18.0&Prime; _module_preset= »default » global_colors_info= »{} »][et_pb_column type= »1_2&Prime; _builder_version= »4.18.0&Prime; _module_preset= »default » global_colors_info= »{} »][et_pb_image src= »https://crsebo.ca/wp-content/uploads/2023/03/pexels-singkham-1108572.jpg » title_text= »pexels-singkham-1108572&Prime; _builder_version= »4.24.3&Prime; _module_preset= »default » width_tablet= »68% » width_phone= »100% » width_last_edited= »on|tablet » module_alignment_tablet= »center » module_alignment_phone= »center » module_alignment_last_edited= »on|tablet » border_radii= »on|20px|20px|20px|20px » global_colors_info= »{} »][/et_pb_image][/et_pb_column][et_pb_column type= »1_2&Prime; _builder_version= »4.18.0&Prime; _module_preset= »default » global_colors_info= »{} »][et_pb_text _builder_version= »4.18.0&Prime; _module_preset= »default » text_font_size= »18px » text_orientation= »justified » text_font_size_tablet= »18px » text_font_size_phone= »12px » text_font_size_last_edited= »on|phone » global_colors_info= »{} »]</p>
<p>&nbsp;</p>
<p><span>Le</span><span> </span><em>Centre de recherche</em><span> </span><span>vise à contribuer à la bonne santé des citoyens et au développement durable de la région de l’Outaouais, du Québec et du Canada en mettant à contribution son expertise et son équipement technologique, tout en favorisant les retombées sur la formation collégiale. L’équipe de recherche du</span><span> </span><em>Centre de recherche</em><span> </span><span>peut accompagner et soutenir les entreprises, les organismes, les municipalités et les ministères dans leurs projets de recherche et d’innovation, dans leurs besoins de connaissances ou d’expertises et dans l’atteinte de leurs objectifs en lien avec la santé environnementale et les biotechnologies vertes.</span></p>
<p>&nbsp;</p>
<p>[/et_pb_text][/et_pb_column][/et_pb_row][/et_pb_section]</p>

<p>La mission Le Centre de recherche est un centre de recherche collégial multidisciplinaire sans but lucratif affilié au Cégep de l’Outaouais. L’objectif premier du Centre de recherche est de rassembler les expertises et de valoriser la recherche qui se fait au Cégep de l’Outaouais en santé environnementale et biodiversité afin de donner plus de visibilité aux projets réalisés et [&hellip;]</p>
